rue
Does 1249 divide 1406503063?
False
Does 2537 divide 821314226?
False
Is 263 a factor of 502895187?
True
Does 46 divide 1611182338?
True
Is 372589684 a multiple of 772?
False
Is 380 a factor of 173000320?
True
Is 5 a factor of 55044903?
False
Is 12148531 a multiple of 22?
False
Is 2007 a factor of 138081121?
False
Is 47 a factor of 88042844?
True
Is 45997940 a multiple of 10?
True
Is 5811691 even?
False
Does 83 divide 61015383?
False
Is 32 a factor of 412195581?
False
Is 423226760 a multiple of 40?
True
Does 28 divide 888036477?
False
Does 7 divide 6445670?
True
Is 6 a factor of 508522625?
False
Is 239 a factor of 10826700?
True
Is 79540381 a multiple of 2025?
False
Is 243616513 a multiple of 46?
False
Does 49 divide 26721023?
True
Is 158 a factor of 87966184?
True
Is 180567559 a multiple of 1375?
False
Is 1770939787 a multiple of 66?
False
Does 15 divide 3268382880?
True
Does 931 divide 93240581?
True
Is 133941850 a multiple of 25?
True
Is 493 a factor of 10419107?
False
Is 8737074 a multiple of 360?
False
Is 81769674 a multiple of 1477?
True
Is 2730050730 a multiple of 594?
True
Does 39 divide 1251779724?
True
Is 20 a factor of 203508400?
True
Does 203 divide 30979982?
False
Is 116 a factor of 25532180?
True
Is 141 a factor of 87641586?
False
Is 39871696 a multiple of 16?
True
Does 193 divide 31182431?
True
Does 3288 divide 719476872?
True
Is 4731557785 a multiple of 680?
False
Does 53 divide 1094314228?
False
Is 7682036 a multiple of 1238?
False
Is 4062752976 a multiple of 607?
True
Is 287 a factor of 278964?
True
Does 1450 divide 67620750?
True
Does 462 divide 292323923?
False
Is 1663 a factor of 1344044241?
False
Does 6 divide 66420954?
True
Does 4542 divide 1817318218?
False
Is 61 a factor of 24635076?
False
Does 130 divide 450099780?
True
Is 299 a factor of 8628331?
False
Is 67 a factor of 3003596?
False
Does 502 divide 273863590?
True
Does 595 divide 32468555?
True
Is 1865161922 a multiple of 307?
True
Is 282393984 a multiple of 46?
False
Is 189265300 a multiple of 700?
True
Does 839 divide 3093393?
True
Does 12 divide 2029770300?
True
Is 215185375 a multiple of 955?
True
Is 8174268 a multiple of 1311?
False
Is 1182 a factor of 276076921?
False
Is 1919387 a multiple of 10?
False
Does 13 divide 20660965?
True
Is 444921331 a multiple of 15?
False
Is 23000366 a multiple of 377?
False
Is 28 a factor of 11009152?
True
Is 223416380 a multiple of 3887?
False
Is 369851109 a multiple of 69?
True
Does 84 divide 1144167749?
False
Is 32 a factor of 160489967?
False
Is 667 a factor of 682422925?
False
Does 200 divide 4564800?
True
Is 3566 a factor of 88457078?
False
Is 133635853 a multiple of 4?
False
Does 26 divide 35054386?
False
Does 9 divide 20205999?
True
Is 37 a factor of 1344293583?
True
Is 113453639 a multiple of 656?
False
Is 8814765 a multiple of 197?
True
Is 46 a factor of 24691903?
False
Does 54 divide 16802316?
True
Is 1964619272 a multiple of 3?
False
Is 692553460 a multiple of 1244?
True
Does 1700 divide 975313251?
False
Does 45 divide 1996492042?
False
Is 455273976 a multiple of 12?
True
Does 19 divide 324285141?
True
Is 2448 a factor of 2954469168?
True
Is 10 a factor of 41845130?
True
Is 6411190 a multiple of 545?
False
Does 5 divide 39440052?
False
Is 167423136 a multiple of 96?
True
Is 3 a factor of 1951302639?
True
Does 66 divide 31572245?
False
Does 69 divide 137201396?
False
Is 280394625 a multiple of 175?
True
Is 192928260 a multiple of 14?
True
Does 141 divide 380133744?
True
Is 95980612 a multiple of 34?
False
Is 1119698 a multiple of 40?
False
Is 3336327359 a multiple of 4061?
False
Is 54 a factor of 377548869?
False
Is 270400584 a multiple of 55?
False
Is 163530246 a multiple of 22?
True
Does 34 divide 5719203580?
True
Is 32707968 a multiple of 384?
True
Is 454356758 a multiple of 8796?
False
Does 146 divide 33896966?
True
Is 59138102 a multiple of 1873?
True
Is 99306312 a multiple of 532?
True
Does 98 divide 15704500?
True
Is 70102956 a multiple of 308?
True
Is 290 a factor of 61015420?
True
Is 439 a factor of 1442799813?
False
Does 20 divide 291786806?
False
Is 3 a factor of 35029970?
False
Is 79 a factor of 26350571?
False
Is 17 a factor of 217507021?
False
Is 36695018 a multiple of 866?
True
Does 293 divide 755295107?
True
Does 246 divide 892822596?
False
Does 18 divide 123249919?
False
Is 141426552 a multiple of 3144?
True
Is 3 a factor of 1336312690?
False
Does 1312 divide 6175380640?
True
Is 4502698 a multiple of 8?
False
Is 47 a factor of 4124285579?
True
Is 625 a factor of 119877500?
True
Is 1171 a factor of 1215579970?
True
Does 229 divide 2143848536?
True
Is 183 a factor of 4565134?
False
Is 19 a factor of 6146025?
True
Is 267 a factor of 29761797?
False
Is 12 a factor of 254006882?
False
Does 13 divide 13715437?
False
Is 34521910 a multiple of 310?
True
Does 1097 divide 4094076402?
True
Does 116 divide 211703828?
True
Is 99107974 a multiple of 366?
False
Does 25 divide 1363094925?
True
Does 7 divide 122346896?
True
Is 2488 a factor of 123379762?
False
Is 78093184 a multiple of 25?
False
Is 567999467 a multiple of 109?
False
Is 100 a factor of 1100902680?
False
Is 135373039 a multiple of 143?
False
Is 1214 a factor of 700833641?
False
Is 160 a factor of 60541015?
False
Is 245384170 a multiple of 106?
True
Is 32 a factor of 1358004864?
True
Is 25 a factor of 16201900?
True
Does 47 divide 5026711445?
False
Does 18 divide 82264032?
True
Is 369 a factor of 4542294?
False
Does 66 divide 1052943?
False
Does 8 divide 18690088?
True
Is 2455 a factor of 332937280?
True
Is 9122429 a multiple of 336?
False
Is 94 a factor of 47291964?
True
Is 2021739804 a multiple of 63?
True
Is 24 a factor of 683001408?
True
Is 37919232 a multiple of 78?
True
Is 1980 a factor of 314750998?
False
Is 85746375 a multiple of 123?
True
Is 526114656 a multiple of 96?
True
Is 15623727 a multiple of 106?
False
Does 137 divide 120783845?
False
Is 56 a factor of 227965920?
True
Is 20972295 a multiple of 86?
False
Does 19 divide 55595058?
False
Is 6 a factor of 9813702?
True
Is 47932097 a multiple of 5?
False
Is 226313146 a multiple of 3422?
False
Does 228 divide 26765359?
False
Is 1822709154 a multiple of 249?
False
Does 705 divide 787513311?
False
Is 222 a factor of 2178708?
True
Is 170998700 a multiple of 164?
True
Does 116 divide 21852312?
True
Is 9 a factor of 16581389?
False
Does 332 divide 46935635?
False
Is 59 a factor of 4182156?
True
Does 3561 divide 114393564?
True
Does 734 divide 471096194?
False
Is 14 a factor of 9959334?
True
Is 167446553 a multiple of 1543?
False
Does 4115 divide 97007010?
True
Does 6 divide 871368?
True
Does 462 divide 157876026?
True
Does 6 divide 45692642?
False
Is 25596932 a multiple of 9?
False
Is 53856886 a multiple of 8?
False
Is 356 a factor of 150898015?
False
Is 1980 a factor of 247468320?
True
Does 3258 divide 3624462832?
False
Does 2 divide 382297053?
False
Is 33 a factor of 9123202?
False
Does 33 divide 1066546660?
False
Does 52 divide 14623062?
False
Does 241 divide 9120404?
True
Does 205 divide 847487156?
False
Is 3238379155 a multiple of 13?
False
Does 93 divide 78652053?
True
Is 1995394 a multiple of 28?
False
Is 65 a factor of 202207200?
True
Is 25216420 a multiple of 652?
False
Is 199 a factor of 1087831855?
False
Does 46 divide 14314618?
False
Is 245 a factor of 358753667?
False
Is 17 a factor of 1271353602?
True
Is 327061202 a multiple of 51?
False
Does 5 divide 148546628?
False
Does 7 divide 27992802?
False
Is 29 a factor of 180670785?
False
Is 7858405 a multiple of 67?
False
Is 2011513013 a multiple of 26?
False
Does 111 divide 128939043?
True
Is 2152487 a multiple of 3?
False
Does 849 divide 727906281?
True
Does 265 divide 543123624?
False
Is 3263360 a multiple of 160?
True
Is 23957154 a multiple of 27?
True
Is 34 a factor of 45297520?
True
Does 64 divide 4062733?
False
Does 659 divide 31208263?
True
Is 528 a factor of 13136942?
False
Is 5354134 a multiple of 288?
False
Is 9 a factor of 83960623?
False
Is 22792665 a multiple of 34?
False
Is 30 a factor of 220836810?
True
Is 15 a factor of 370997181?
False
Is 420 a factor of 2109750720?
True
Does 1497 divide 311876778?
False
Is 65728343 a multiple of 17?
False
Does 42 divide 527611780?
False
Is 6089 a factor of 114802006?
True
Is 204713